
Is 40609 a prime number?
True
Is 16543 prime?
False
Is 75365 composite?
True
Is 93739 a composite number?
False
Is 15601 a prime number?
True
Is 49251 composite?
True
Is 223871 a composite number?
True
Is 10937 a composite number?
False
Is 14477 prime?
False
Is 50011 prime?
False
Is 753 prime?
False
Is 4591 a composite number?
False
Is 13291 a composite number?
False
Is 4487 prime?
False
Is 3557 composite?
False
Is 22081 composite?
True
Is 51682 composite?
True
Is 5981 a composite number?
False
Is 64321 a composite number?
True
Is 191413 a composite number?
False
Is 955 a composite number?
True
Is 32173 a composite number?
False
Is 58945 a prime number?
False
Is 717 a composite number?
True
Is 4327 a prime number?
True
Is 4327 a composite number?
False
Is 448727 prime?
True
Is 49103 a prime number?
True
Is 58477 prime?
True
Is 1639 a composite number?
True
Is 693019 a prime number?
True
Is 99353 composite?
True
Is 3741871 a prime number?
False
Is 810101 composite?
True
Is 396667 a composite number?
False
Is 43441 prime?
True
Is 212087 composite?
True
Is 1201 prime?
True
Is 5639 prime?
True
Is 57217 a prime number?
False
Is 1441709 a prime number?
False
Is 63647 a prime number?
True
Is 2249 prime?
False
Is 11579 composite?
False
Is 956569 composite?
False
Is 34807 a composite number?
False
Is 2773 prime?
False
Is 33889 a prime number?
True
Is 1599181 composite?
False
Is 1156217 a prime number?
True
Is 18053 prime?
False
Is 213091 prime?
True
Is 468271 a prime number?
True
Is 5195 prime?
False
Is 350087 a composite number?
False
Is 149651 prime?
False
Is 114307 prime?
False
Is 2279 a prime number?
False
Is 60311 a prime number?
False
Is 540073 a prime number?
False
Is 26769 a prime number?
False
Is 10453 prime?
True
Is 1069829 a prime number?
False
Is 34179 a prime number?
False
Is 1943 a prime number?
False
Is 1021309 prime?
False
Is 1007 a prime number?
False
Is 1692533 prime?
False
Is 2900731 a prime number?
True
Is 271981 a prime number?
True
Is 65039 prime?
False
Is 31187 composite?
True
Is 7079 a composite number?
False
Is 74549 a composite number?
True
Is 44011 a composite number?
True
Is 132241 a composite number?
False
Is 1167161 a prime number?
False
Is 19619 a prime number?
False
Is 58937 a prime number?
True
Is 52597 prime?
False
Is 655 prime?
False
Is 315251 a composite number?
False
Is 12047 composite?
True
Is 63689 prime?
True
Is 9533 a composite number?
False
Is 247301 composite?
False
Is 345431 composite?
False
Is 1447937 composite?
True
Is 661829 a prime number?
False
Is 202547 a prime number?
False
Is 229529 a composite number?
False
Is 32287 a prime number?
False
Is 211195 a prime number?
False
Is 2705 a prime number?
False
Is 4571 composite?
True
Is 322963 composite?
False
Is 170333 a composite number?
True
Is 18087 composite?
True
Is 10306 a prime number?
False
Is 24493 a composite number?
True
Is 259667 prime?
True
Is 82527 a composite number?
True
Is 18089 a composite number?
False
Is 327059 a prime number?
True
Is 5021 composite?
False
Is 99739 composite?
True
Is 270905 a prime number?
False
Is 355807 composite?
True
Is 307157 composite?
True
Is 7789 composite?
False
Is 21709 a composite number?
True
Is 11459 a prime number?
False
Is 10289 composite?
False
Is 260527 prime?
True
Is 192431 prime?
True
Is 25511 a prime number?
False
Is 90107 a composite number?
False
Is 50359 a prime number?
True
Is 5567 prime?
False
Is 5533705 composite?
True
Is 591461 prime?
False
Is 23279 composite?
False
Is 40343 a prime number?
True
Is 179083 prime?
True
Is 72613 composite?
False
Is 32113 composite?
True
Is 217817 a composite number?
True
Is 292234 prime?
False
Is 3419543 prime?
True
Is 11113 composite?
False
Is 3163 composite?
False
Is 68009 a prime number?
False
Is 133873 composite?
False
Is 434039 a prime number?
True
Is 401743 a composite number?
False
Is 9566 a composite number?
True
Is 3197 a composite number?
True
Is 10343 a composite number?
False
Is 552913 prime?
True
Is 7753 prime?
True
Is 286747 a composite number?
True
Is 174161 a composite number?
True
Is 213019 prime?
True
Is 15545 prime?
False
Is 5071 composite?
True
Is 180617 composite?
False
Is 18829 prime?
False
Is 115871 composite?
True
Is 35941 a prime number?
False
Is 29663 prime?
True
Is 43667 composite?
True
Is 31091 a prime number?
True
Is 351829 composite?
False
Is 2155841 a composite number?
False
Is 3199 a composite number?
True
Is 83689 prime?
True
Is 16291 a prime number?
False
Is 185651 composite?
False
Is 11863 composite?
False
Is 3019 a composite number?
False
Is 494941 composite?
True
Is 31483 a prime number?
False
Is 65165 prime?
False
Is 23314 a composite number?
True
Is 11969 composite?
False
Is 149882 prime?
False
Is 19289 prime?
True
Is 12599 a composite number?
True
Is 18947 a prime number?
True
Is 19661 prime?
True
Is 122709 a composite number?
True
Is 4829 composite?
True
Is 217 a composite number?
True
Is 14002 composite?
True
Is 2161 a prime number?
True
Is 152335 a composite number?
True
Is 1589 a composite number?
True
Is 20089 a prime number?
True
Is 2923 a prime number?
False
Is 15451 a composite number?
False
Is 118661 a prime number?
True
Is 31173 composite?
True
Is 831 prime?
False
Is 12347 a composite number?
False
Is 3957 a prime number?
False
Is 3051955 a prime number?
False
Is 6667 composite?
True
Is 1424177 a composite number?
False
Is 168127 a prime number?
True
Is 1437 composite?
True
Is 19658 a composite number?
True
Is 401942 prime?
False
Is 92963 a composite number?
True
Is 32297 composite?
False
Is 18479 prime?
False
Is 890381 prime?
False
Is 12889 a prime number?
True
Is 14107 a prime number?
True
Is 5347 a prime number?
True
Is 713839 prime?
False
Is 138629 composite?
False
Is 1657 composite?
False
Is 45383 a composite number?
True
Is 208843 composite?
False
Is 22613 a prime number?
True
Is 78851 a prime number?
False
Is 221269 prime?
False
Is 120041 a composite number?
False
Is 13961 prime?
False
Is 18013 a composite number?
False
Is 181499 prime?
True
Is 63043 prime?
False
Is 25997 prime?
True
Is 712087 a prime number?
False
Is 4574 a composite number?
True
Is 126143 a prime number?
True
Is 19441 a prime number?
True
Is 133345 a prime number?
False
Is 3338 a composite number?
True
Is 1711 a prime number?
False
Is 7897 prime?
False
Is 3192997 prime?
True
Is 1099 prime?
False
Is 411509 composite?
True
Is 155671 prime?
True
Is 15997 composite?
True
Is 38939 a composite number?
True
Is 15278 a prime number?
False
Is 18263 a composite number?
True
Is 5147 composite?
False
Is 179849 a prime number?
True
Is 145609 prime?
False
Is 138863 composite?
False
Is 1695191 a prime number?
True
Is 6866 a prime number?
False
Is 4187 composite?
True
Is 10543 prime?
False
Is 116239 prime?
True
Is 5161 a composite number?
True
Is 8887 a prime number?
True
Is 489878 a prime number?
False
Is 68687 composite?
False
Is 950149 prime?
True
Is 5297 prime?
True
Is 52229 a composite number?
True
Is 33403 prime?
True
Is 497 prime?
False
Is 713807 composite?
False
Is 7477 a composite number?
False
Is 613549 a composite number?
False
Is 86297 composite?
False
Is 7639 prime?
True
Is 2911 a prime number?
False
Is 134753 prime?
True
Is 6029 composite?
False
Is 63071 a prime number?
False
Is 161017 a prime number?
True
Is 10057 prime?
False
Is 184967 a composite number?
False
Is 32957 composite?
False
Is 236345 composite?
True
Is 451463 a prime number?
False
Is 152717 composite?
False
Is 155813 prime?
False
Is 31721 composite?
False
Is 12451 prime?
True
Is 231817 prime?
False
Is 158291 composite?
True
Is 22343 prime?
True
Is 1101 prime?
False
Is 68311 a prime number?
True
Is 495821 prime?
True
Is 5603 a composite number?
True
Is 3389 prime?
True
Is 4201 a prime number?
True
Is 1361 prime?
True
Is 573179 a composite number?
False
Is 1482049 prime?
True
Is 215 a composite number?
True
Is 52835 composite?
True
Is 7867 a composite number?
False
Is 32633 prime?
True
Is 11599 prime?
False
Is 2237 a prime number?
True
Is 259139 composite?
True
Is 90879 prime?
False
Is 107999 composite?
False
Is 1047941 prime?
True
Is 154393 composite?
True
Is 87485 a composite number?
True
Is 397337 composite?
False
Is 8915 a prime number?
False
Is 773933 a composite number?
